{"id":18,"date":"2021-06-16T17:22:39","date_gmt":"2021-06-16T17:22:39","guid":{"rendered":"https:\/\/www.smf.co.at\/?page_id=18"},"modified":"2021-09-23T15:04:53","modified_gmt":"2021-09-23T15:04:53","slug":"dienstleistungen","status":"publish","type":"page","link":"https:\/\/www.smf.co.at\/?page_id=18","title":{"rendered":"Angebote &#038; Leistungen"},"content":{"rendered":"\n<h3 class=\"wp-block-heading\"><a href=\"https:\/\/www.smf.co.at\/?page_id=126\" data-type=\"page\" data-id=\"126\">Unser Schwei\u00dfautomat 4.0<\/a><\/h3>\n\n\n\n<ul class=\"wp-block-list\"><li>Verkauf&nbsp;<\/li><li>Vermietung<\/li><li>Dienstleistungen\/Facharbeiten mit dem Schwei\u00dfautomaten<\/li><li>Lizenzvergabe an Hersteller, die unsere Technologie integrieren wollen<\/li><\/ul>\n\n\n\n<h3 class=\"wp-block-heading\">Planung<\/h3>\n\n\n\n<ul class=\"wp-block-list\"><li>Beratung, Entwurf, Berechnung<\/li><\/ul>\n\n\n\n<h3 class=\"wp-block-heading\">Produktion<\/h3>\n\n\n\n<ul class=\"wp-block-list\"><li>Fertigungs- und Termin\u00fcberwachung<\/li><li>Schwei\u00dferpr\u00fcfungen (ISO 9606-1\/2)<\/li><li>ZFP-Pr\u00fcfungen<\/li><li>Ma\u00dfkontrollen<\/li><\/ul>\n\n\n\n<h3 class=\"wp-block-heading\">Montage<\/h3>\n\n\n\n<ul class=\"wp-block-list\"><li>Montage\u00fcberwachung<\/li><\/ul>\n\n\n\n<div class=\"custom-strap\">\n<a href=\"https:\/\/www.smf.co.at\/?page_id=126\">\n        <p>Schwei\u00dfautomat 4.0<\/p>\n    <\/a><\/div>\n","protected":false},"excerpt":{"rendered":"<p>Unser Schwei\u00dfautomat 4.0 Verkauf&nbsp; Vermietung Dienstleistungen\/Facharbeiten mit dem Schwei\u00dfautomaten Lizenzvergabe an Hersteller, die unsere Technologie integrieren wollen Planung Beratung, Entwurf, Berechnung Produktion Fertigungs- und Termin\u00fcberwachung Schwei\u00dferpr\u00fcfungen (ISO 9606-1\/2) ZFP-Pr\u00fcfungen Ma\u00dfkontrollen Montage Montage\u00fcberwachung Schwei\u00dfautomat 4.0<\/p>\n","protected":false},"author":1,"featured_media":0,"parent":0,"menu_order":0,"comment_status":"closed","ping_status":"closed","template":"","meta":{"footnotes":""},"class_list":["post-18","page","type-page","status-publish","hentry"],"_links":{"self":[{"href":"https:\/\/www.smf.co.at\/index.php?rest_route=\/wp\/v2\/pages\/18","targetHints":{"allow":["GET"]}}],"collection":[{"href":"https:\/\/www.smf.co.at\/index.php?rest_route=\/wp\/v2\/pages"}],"about":[{"href":"https:\/\/www.smf.co.at\/index.php?rest_route=\/wp\/v2\/types\/page"}],"author":[{"embeddable":true,"href":"https:\/\/www.smf.co.at\/index.php?rest_route=\/wp\/v2\/users\/1"}],"replies":[{"embeddable":true,"href":"https:\/\/www.smf.co.at\/index.php?rest_route=%2Fwp%2Fv2%2Fcomments&post=18"}],"version-history":[{"count":10,"href":"https:\/\/www.smf.co.at\/index.php?rest_route=\/wp\/v2\/pages\/18\/revisions"}],"predecessor-version":[{"id":370,"href":"https:\/\/www.smf.co.at\/index.php?rest_route=\/wp\/v2\/pages\/18\/revisions\/370"}],"wp:attachment":[{"href":"https:\/\/www.smf.co.at\/index.php?rest_route=%2Fwp%2Fv2%2Fmedia&parent=18"}],"curies":[{"name":"wp","href":"https:\/\/api.w.org\/{rel}","templated":true}]}}